{"id":5905,"date":"2026-08-31T15:42:04","date_gmt":"2026-08-31T13:42:04","guid":{"rendered":"https:\/\/ynphini.com\/?post_type=product&#038;p=5905"},"modified":"2026-09-02T16:03:16","modified_gmt":"2026-09-02T14:03:16","slug":"aura","status":"publish","type":"product","link":"https:\/\/ynphini.com\/it\/prodotto\/aura\/","title":{"rendered":"Aura"},"content":{"rendered":"<p>In questo choker unisco un fine filato da macram\u00e8 color oro a cristalli di vetro nero intenso. La fascia, lavorata con cura, aderisce al collo, mentre sotto si sviluppa un delicato motivo a rete, ritmato dai cristalli scuri.<\/p>\n<p>I cristalli di vetro neri creano accenti netti ed eleganti e donano al gioiello profondit\u00e0 ed espressivit\u00e0. La combinazione tra il filo sottile, i dettagli luminosi e la struttura aperta d\u00e0 vita a un choker deciso, ma allo stesso tempo leggero ed equilibrato.<\/p>\n<p>Ogni pezzo \u00e8 realizzato da me con cura e interamente a mano.<\/p>\n","protected":false},"excerpt":{"rendered":"<p>\u03a7\u03b5\u03b9\u03c1\u03bf\u03c0\u03bf\u03af\u03b7\u03c4\u03bf choker<\/p>\n","protected":false},"featured_media":5903,"comment_status":"closed","ping_status":"closed","template":"","meta":{"_seopress_titles_title":"","_seopress_titles_desc":"","_seopress_robots_index":"","_seopress_robots_follow":"","_seopress_robots_imageindex":"","_seopress_robots_snippet":"","_seopress_robots_primary_cat":"","_seopress_robots_breadcrumbs":"","_seopress_robots_freeze_modified_date":"","_seopress_robots_custom_modified_date":"","_seopress_robots_canonical":"","_seopress_social_fb_title":"","_seopress_social_fb_desc":"","_seopress_social_fb_img":"","_seopress_social_fb_img_attachment_id":0,"_seopress_social_fb_img_width":0,"_seopress_social_fb_img_height":0,"_seopress_social_twitter_title":"","_seopress_social_twitter_desc":"","_seopress_social_twitter_img":"","_seopress_social_twitter_img_attachment_id":0,"_seopress_social_twitter_img_width":0,"_seopress_social_twitter_img_height":0,"_seopress_redirections_value":"","_seopress_redirections_enabled":"","_seopress_redirections_enabled_regex":"","_seopress_redirections_logged_status":"","_seopress_redirections_param":"","_seopress_redirections_type":0,"_seopress_analysis_target_kw":""},"product_brand":[],"product_cat":[1051,355],"product_tag":[],"class_list":["post-5905","product","type-product","status-publish","has-post-thumbnail","product_cat-choker","product_cat-gioielli-da-collo","first","instock","shipping-taxable","purchasable","product-type-variable"],"_links":{"self":[{"href":"https:\/\/ynphini.com\/it\/wp-json\/wp\/v2\/product\/5905","targetHints":{"allow":["GET"]}}],"collection":[{"href":"https:\/\/ynphini.com\/it\/wp-json\/wp\/v2\/product"}],"about":[{"href":"https:\/\/ynphini.com\/it\/wp-json\/wp\/v2\/types\/product"}],"replies":[{"embeddable":true,"href":"https:\/\/ynphini.com\/it\/wp-json\/wp\/v2\/comments?post=5905"}],"version-history":[{"count":1,"href":"https:\/\/ynphini.com\/it\/wp-json\/wp\/v2\/product\/5905\/revisions"}],"predecessor-version":[{"id":5907,"href":"https:\/\/ynphini.com\/it\/wp-json\/wp\/v2\/product\/5905\/revisions\/5907"}],"wp:featuredmedia":[{"embeddable":true,"href":"https:\/\/ynphini.com\/it\/wp-json\/wp\/v2\/media\/5903"}],"wp:attachment":[{"href":"https:\/\/ynphini.com\/it\/wp-json\/wp\/v2\/media?parent=5905"}],"wp:term":[{"taxonomy":"product_brand","embeddable":true,"href":"https:\/\/ynphini.com\/it\/wp-json\/wp\/v2\/product_brand?post=5905"},{"taxonomy":"product_cat","embeddable":true,"href":"https:\/\/ynphini.com\/it\/wp-json\/wp\/v2\/product_cat?post=5905"},{"taxonomy":"product_tag","embeddable":true,"href":"https:\/\/ynphini.com\/it\/wp-json\/wp\/v2\/product_tag?post=5905"}],"curies":[{"name":"wp","href":"https:\/\/api.w.org\/{rel}","templated":true}]}}

<p>In questo choker unisco un fine filato da macramè color oro a cristalli di vetro nero intenso. La fascia, lavorata con cura, aderisce al collo, mentre sotto si sviluppa un delicato motivo a rete, ritmato dai cristalli scuri.</p>
<p>I cristalli di vetro neri creano accenti netti ed eleganti e donano al gioiello profondità ed espressività. La combinazione tra il filo sottile, i dettagli luminosi e la struttura aperta dà vita a un choker deciso, ma allo stesso tempo leggero ed equilibrato.</p>
<p>Ogni pezzo è realizzato da me con cura e interamente a mano.</p>

<p>Χειροποίητο choker</p>
